*3 + 12*s**2 + 21*s - 77. Let m be p(11). Suppose 0 = -16*x + 765 + m. Suppose w + 0 - 26 = 0. Calculate the highest common divisor of x and w.
13
Let g(p) be the first derivative of 46*p**3/3 - 11*p**2/2 + 14*p - 33. Let w be g(2). Calculate the greatest common divisor of 11 and w.
11
Suppose -7*w = -5*y - 6*w + 18999, -y + 3795 = -5*w. What is the highest common factor of y and 25?
25
Let l be (95/38)/((-55)/(-1144)). Calculate the greatest common divisor of 2002 and l.
26
Suppose -r - 15157 = -2*m, -181*m + 186*m - 37875 = -r. What is the greatest common factor of m and 8?
8
Suppose 240 = -2*a + 6*a. Suppose -272730 + 283290 = 11*z. Calculate the greatest common divisor of z and a.
60
Suppose c + 2 = -3, -5*c = 5*r + 120. Let x(u) = -17*u - 165. Let l be x(r). Calculate the greatest common factor of 2 and l.
2
Let p = 52 - -5270. Let k be p/6 + 1 + -4. What is the greatest common factor of 52 and k?
52
Suppose 5*a - 20 = -5*i, -3*a + 5*i - 7 = -51. Suppose -3*n - 4*v + 7 = 0, n + 0 = -4*v - 3. What is the greatest common factor of n and a?
1
Let j = -320 - -324. Suppose 2*u - 510 = -w, -5*u + j*w + 1249 = -0*u. What is the highest common factor of u and 11?
11
Let j be ((-658)/(-21))/(1/(-3)). Let i(w) = 10*w - 5. Let n be i(-6). Let l = n - j. Calculate the greatest common divisor of 87 and l.
29
Let g be (-748)/66*(-33)/2. Suppose 0 = -5*d - 6*d + g. What is the greatest common factor of d and 187?
17
Let o be (-30)/(-90) - (-3 + 1636/(-6)). Let v be 46/((-1)/3 - -1). Calculate the greatest common divisor of v and o.
69
Suppose -2*z - 12*j + 420 = -14*j, 0 = z + 2*j - 216. Let y = z + -173. What is the highest common factor of y and 9?
3
Let z(f) = -f**3 + 2*f**2 + 4*f + 4. Let o be z(-2). Let b be ((-105)/(-4))/(o/8)*-2. Let c = 41 + b. Calculate the highest common divisor of c and 42.
6
Let t(r) = 2*r**2 - 4 + 18*r**2 - 16*r**2 - 2*r. Let j be t(2). What is the highest common factor of 88 and j?
8
Let v be 2 - -4*((-25)/(-10) + -2). What is the greatest common divisor of v and 7120?
4
Let j = 75 + -71. Suppose 3*f - 9 = -j*v - 0*v, 4*f = -v - 1. Let i be 5*v*138/18. What is the greatest common divisor of 5 and i?
5
Let s(l) = -115*l - 495. Let p be s(-6). Calculate the greatest common divisor of 10 and p.
5
Suppose x = -3*g + 32, 2*g - 2*x - 29 - 3 = 0. Let q = 226 - 106. Calculate the greatest common divisor of g and q.
12
Let b be -1*4*(20 + (-2299)/76). Calculate the greatest common divisor of 451 and b.
41
Suppose 4*d + 16*k - 44 = 12*k, 0 = 3*k - 12. Let z be ((-14)/(-8))/((-2)/(-56)). Let a = z - 28. What is the highest common factor of a and d?
7
Let m be (2 + (-20)/(-12))*12. Let o = m - 13. Suppose 508*v + 496 = 510*v. Calculate the highest common factor of o and v.
31
Let j = -403 - -424. Let g(h) = -h**3 - 7*h**2 - 6*h - 1. Let x be g(-5). Let d = x - -28. Calculate the highest common factor of j and d.
7
Let t be (-2 + 1988)/(30/90) + -3. What is the greatest common divisor of t and 30?
15
Suppose 2*h + 2*x = 250, 3*h = -h - 5*x + 497. Let c be ((-560)/15 + 0)*(-3 - 0). What is the greatest common factor of h and c?
16
Suppose 210 = -9*u + 39*u. Let p be u/(-2)*((-35)/(-7) + -7). What is the highest common divisor of 3 and p?
1
Suppose -10*i = -6*i - 56. Suppose 185 = -i*u - 249. Let q = u - -47. What is the greatest common divisor of 144 and q?
16
Suppose -y - 4*y = -3*n + 107, -4*n + 4*y = -148. Let q be 6/n - (-714)/91. Suppose 2*t = 38 - q. Calculate the greatest common factor of 120 and t.
15
Suppose 65 + 95 = 8*q. Let x be (q/(-60))/((10/(-228))/5). Let b = 231 - 136. What is the greatest common divisor of x and b?
19
Let t = 1260 - 753. What is the greatest common divisor of t and 39?
39
Let g(n) = -15*n + 6. Let q be g(-2). Let y = 1069 - 1042. What is the greatest common divisor of y and q?
9
Let m be 87/(-261) + (-19)/(-3) + 2. What is the greatest common divisor of 4920 and m?
8
Let y be 380 - (-180)/(-60)*2/1. What is the greatest common divisor of y and 66?
22
Let o = 25797 - 7197. Calculate the highest common divisor of o and 992.
248
Suppose 0 = 10432*d - 10450*d + 269892. What is the highest common factor of d and 126?
126
Let n be (-4 + 120)/2 + (-28 - -30). Calculate the highest common divisor of n and 1340.
20
Suppose -63*d + 49*d = -34*d + 4420. What is the greatest common factor of 19669 and d?
221
Suppose 3*p - w - 59624 = 0, 7045*w - 59610 = -3*p + 7048*w. What is the highest common factor of 143 and p?
143
Suppose 970 + 818 = 3*m. Let w = m - 244. Calculate the highest common divisor of w and 22.
22
Suppose -5*b = -13*r + 1039, 0*b = r + 2*b - 68. What is the highest common factor of r and 10660?
26
Suppose i = 3, -5*t + 8*i - 10 = 3*i. Let b be (2/1)/(t - 4/12). Suppose -3*u + 36 = -0*u. Calculate the greatest common divisor of u and b.
3
Let q(c) = -c**2 - 10*c - 1. Let z be q(4). Let o = 27 - z. Let m be (-205)/(-10) + (-4)/(-8). What is the greatest common divisor of o and m?
21
Suppose 3*l = -23 + 101. Suppose -5*t - 2*d + l = 2, -2*d - 16 = -5*t. What is the greatest common factor of 124 and t?
4
Let d(c) = 3835*c - 65. Let g be d(1). Calculate the greatest common factor of g and 260.
130
Suppose -80*q + 4163 + 29197 = 59*q. Let d(b) = 12*b**2 + 2*b - 6. Let s be d(-3). What is the greatest common divisor of q and s?
48
Suppose -12*q = -2*q - 2977 - 1963. Calculate the highest common divisor of 598 and q.
26
Suppose 135 = 3*f - 1611. Let p = 707 - f. Let l = 55 + -5. Calculate the greatest common divisor of p and l.
25
Let m = -3092 - -6422. Calculate the highest common factor of 135 and m.
45
Suppose -4*s + 9*s = 700. Suppose s = 4*i - 492. What is the highest common factor of 2 and i?
2
Let a(z) = 2*z**3 + 20*z**2 + 22*z + 225. Let f be a(-10). Suppose 21 = 4*h - w, 2*h + w - 14 = 5*w. Calculate the highest common factor of h and f.
5
Suppose 5*g - 24 = g. Let c(l) = 2*l - 6. Let k be c(g). Let d(f) = 3*f**2 + 16*f + 58. Let o be d(-4). Calculate the greatest common divisor of k and o.
6
Let h be ((-4)/(-6))/((5/522)/(-5)). Let a = 364 + h. Calculate the highest common divisor of a and 16.
16
Suppose 3*w = -k + 1401, 1250*w - 3*k + 1878 = 1254*w. Calculate the highest common factor of w and 195.
15
Let u = 22068 - 15038. Calculate the greatest common divisor of 222 and u.
74
Suppose w = 7 + 12. Suppose -5*y - 4*k + 1326 = 0, -1331 = -5*y - 4*k + 5*k. Calculate the highest common divisor of y and w.
19
Suppose -h - 14 = -45. Let w = 2819 - 2602. What is the highest common factor of h and w?
31
Let t be ((-21)/(-5)*(-16)/(-12))/((-6)/(-75)). Let h = -12 - -6. Let j be (36/8)/(h/(-56)). Calculate the highest common factor of j and t.
14
Suppose -7*r = 9*r - 2128. Let s = 168 - r. Let o be (-2 - -1)*(-5 - 0). What is the highest common divisor of s and o?
5
Let p(x) = -1121*x - 344. Let i be p(-2). What is the highest common divisor of i and 1606?
146
Let b = 28890 + -27430. What is the highest common divisor of b and 10804?
292
Let i(n) = 2*n**2 - 9*n + 15. Let d be i(7). Suppose -d*v + 54*v = 80. Calculate the highest common divisor of 40 and v.
20
Let z be (1771/(-308))/(0 + (-2)/24). Let s = -23 + 46. Calculate the highest common divisor of s and z.
23
Let g(j) = -j**3 - 15*j**2 - 48*j - 4. Let d be g(-8). Let r be (-1330)/(-34) + d/578. What is the highest common factor of r and 39?
39
Let m = 48 + -50. Let w be m*1/(-6)*-57. Let p = w - -109. Calculate the greatest common factor of p and 18.
18
Let i be (-4)/(-10) - ((-9835)/(-25) - 7). Let r = i - -1184. What is the greatest common divisor of 76 and r?
38
Let l(p) = 5*p + 0*p + 4*p - 9. Let f be l(12). Let r = 303 + -294. What is the highest common divisor of r and f?
9
Suppose 3*n + 9 = 0, 40*x = 44*x - 5*n - 687. What is the highest common factor of 294 and x?
42
Let p be -6 + (-320080)/(-420) + 2/(-21). Calculate the highest common factor of 224 and p.
28
Suppose 40*u = -199*u - 40*u + 52731. What is the greatest common factor of u and 672?
21
Let g(h) = -h**2 - 8*h - 3. Let l be g(-5). Let f be (100/(-60))/(12/7776*-2612 + (0 - -4)). What is the greatest common factor of f and l?
6
Suppose 4*t + 5*r - 307 = -204, 4*t - 97 = -3*r. What is the highest common factor of 7601 and t?
11
Let f(g) = g**2 + 31*g + 200. Let y be f(-27). Let 